{"id":88,"date":"2020-09-28T21:34:31","date_gmt":"2020-09-28T19:34:31","guid":{"rendered":"https:\/\/gatien-wierez.com\/?page_id=88"},"modified":"2024-02-04T10:48:34","modified_gmt":"2024-02-04T09:48:34","slug":"historien","status":"publish","type":"page","link":"https:\/\/gatien-wierez.com\/index.php\/historien\/","title":{"rendered":"Historien"},"content":{"rendered":"\t\t<div data-elementor-type=\"wp-page\" data-elementor-id=\"88\" class=\"elementor elementor-88\">\n\t\t\t\t\t\t<section class=\"elementor-section elementor-top-section elementor-element elementor-element-1b70d06 elementor-section-boxed elementor-section-height-default elementor-section-height-default\" data-id=\"1b70d06\" data-element_type=\"section\" data-e-type=\"section\">\n\t\t\t\t\t\t<div class=\"elementor-container elementor-column-gap-default\">\n\t\t\t\t\t<div class=\"elementor-column elementor-col-100 elementor-top-column elementor-element elementor-element-a6d392c\" data-id=\"a6d392c\" data-element_type=\"column\" data-e-type=\"column\">\n\t\t\t<div class=\"elementor-widget-wrap elementor-element-populated\">\n\t\t\t\t\t\t<div class=\"elementor-element elementor-element-b636bfd elementor-widget elementor-widget-text-editor\" data-id=\"b636bfd\" data-element_type=\"widget\" data-e-type=\"widget\" data-widget_type=\"text-editor.default\">\n\t\t\t\t<div class=\"elementor-widget-container\">\n\t\t\t\t\t\t\t\t\t<h1>Parcours d&rsquo;historien<\/h1>\t\t\t\t\t\t\t\t<\/div>\n\t\t\t\t<\/div>\n\t\t\t\t<section class=\"elementor-section elementor-inner-section elementor-element elementor-element-204ad6b elementor-section-boxed elementor-section-height-default elementor-section-height-default\" data-id=\"204ad6b\" data-element_type=\"section\" data-e-type=\"section\">\n\t\t\t\t\t\t<div class=\"elementor-container elementor-column-gap-default\">\n\t\t\t\t\t<div class=\"elementor-column elementor-col-50 elementor-inner-column elementor-element elementor-element-d9783b0\" data-id=\"d9783b0\" data-element_type=\"column\" data-e-type=\"column\">\n\t\t\t<div class=\"elementor-widget-wrap elementor-element-populated\">\n\t\t\t\t\t\t<div class=\"elementor-element elementor-element-0ac11cd elementor-widget elementor-widget-text-editor\" data-id=\"0ac11cd\" data-element_type=\"widget\" data-e-type=\"widget\" data-widget_type=\"text-editor.default\">\n\t\t\t\t<div class=\"elementor-widget-container\">\n\t\t\t\t\t\t\t\t\t<p>Th\u00e8mes de recherche : Histoire \u00e9conomique &#8211; commerce du luxe &#8211; arts d\u00e9coratifs &#8211; culture mat\u00e9rielle &#8211; soci\u00e9t\u00e9 de cour \u2013 noblesse &#8211; c\u00e9r\u00e9monial &#8211; m\u00e9tiers et artisanat &#8211; institutions &#8211; vie quotidienne &#8211; XVIIIe XIXe si\u00e8cles.<\/p>\n<p>Les recherches de Gatien WIEREZ concernent l\u2019histoire de la diffusion des arts d\u00e9coratifs, particuli\u00e8rement le mobilier et l&rsquo;histoire \u00e9conomique du Garde-Meuble, mais aussi son fonctionnement. Les champs d\u2019\u00e9tudes s\u2019\u00e9tendent \u00e9galement \u00e0 la soci\u00e9t\u00e9 de cour et \u00e0 la noblesse dans ses pratiques quotidiennes que ce soit pour la culture mat\u00e9rielle ou l\u2019\u00e9conomie.<\/p>\n<h2>Titres universitaires<\/h2>\n<p>[2011-2014]&nbsp;&nbsp;&nbsp;&nbsp;&nbsp;&nbsp;&nbsp; Licence Histoire-Patrimoine (Universit\u00e9 d\u2019Artois)<\/p>\n<p>[2014-2015]&nbsp;&nbsp;&nbsp;&nbsp;&nbsp;&nbsp;&nbsp; Master I Histoire et soci\u00e9t\u00e9s (Universit\u00e9 d\u2019Artois). Sujet de recherche : La citadelle d\u2019Arras au XVIIIe si\u00e8cle. Direction : Youri Carbonnier.<\/p>\n<p>[2015-2016]&nbsp;&nbsp;&nbsp;&nbsp;&nbsp;&nbsp;&nbsp; Master II Histoire et civilisations (Universit\u00e9 d\u2019Artois). Sujet de recherche : Les marchands-tapissiers dans la seconde moiti\u00e9 du XVIIIe si\u00e8cle. Direction : Charles Giry-Deloison.<\/p>\n<h2>S\u00e9minaires et colloques<\/h2>\n<p><em>L\u2019\u00e9tude d\u2019une institution au service de la cour : le Garde-Meuble sous l\u2019administration de Thierry de Ville-d\u2019Avray<\/em>, Journ\u00e9es d\u2019\u00e9tude du programme de recherche sur les garde-meubles en Europe, Turin (Italie), 30 juin 2017.<\/p>\n<p><em>Parler et \u00e9crire au XVIIIe si\u00e8cle<\/em>, s\u00e9minaire de formation, Centre des Monuments nationaux, 12 novembre 2018.<\/p>\n<p><em>L\u2019\u00e9tude du Garde-Meuble de la Couronne : sources et m\u00e9thodologie de la recherche, fonctions de l\u2019institution, vie au quotidien<\/em>, S\u00e9minaire du professeur \u00c9ric MENSION-RIGAU, Universit\u00e9 Paris IV, 22 novembre 2018.<\/p>\n<p><em>G\u00e9rer le personnel du Garde-Meuble de la Couronne \u00e0 la fin du r\u00e8gne de Louis XVI<\/em>, Colloque international, Les garde-meubles en Europe, Paris, 18 octobre 2019<\/p>\n<p><i>Le marchand-tapissier dans le nord de la France au XVIII e si\u00e8cle : le commerce des \u00e9toffes comme indicateur de la tendance d\u2019une industrie<\/i>, 60e Congr\u00e8s de la F\u00e9d\u00e9ration des Soci\u00e9t\u00e9s savantes du Nord de la France, Roubaix, 20 octobre 2019<\/p>\n<p><em>La collection d\u2019armes du Garde-Meuble de la Couronne&nbsp;: des curiosit\u00e9s aux XVII<sup>e<\/sup> et XVIII<sup>e<\/sup> si\u00e8cles<\/em>, Journ\u00e9e d\u2019\u00e9tude, Les armes dans les cabinets de curiosit\u00e9s, Poitiers, 11 mars 2020<\/p>\n<h2>Travaux scientifiques<\/h2>\n<p>[2016-2022] Doctorat en histoire moderne (Universit\u00e9 d\u2019Artois). <em>Consommation, production et logistique du mobilier de cour : le Garde-Meuble \u00e0 la fin du r\u00e8gne de Louis XVI<\/em>. Codirection : Agn\u00e8s Walch (Universit\u00e9 d\u2019Artois) et St\u00e9phane Castelluccio (Centre Andr\u00e9 Chastel)<\/p>\n<p>Participation depuis 2016 au programme de recherche \u00ab Les Garde-Meubles en Europe \u00bb. Ce programme de recherche a \u00e9t\u00e9 initi\u00e9 pour \u00e9crire l\u2019histoire du Garde-Meuble en Europe. Il a pour but de mieux conna\u00eetre une institution (quand elle existe et\/ou a exist\u00e9 dans les cours europ\u00e9ennes) et une pratique des arts d\u00e9coratifs au service des lieux de pouvoir.<\/p>\n<p>&nbsp;[2017] <em>L\u2019H\u00f4tel du Garde-Meuble de la Couronne : Un panorama de l\u2019excellence de l\u2019art de vivre, de la sociabilit\u00e9 et du go\u00fbt fran\u00e7ais dans la seconde moiti\u00e9 du XVIIIe si\u00e8cle<\/em>, Centre des Monuments nationaux, juillet 2017.<\/p>\t\t\t\t\t\t\t\t<\/div>\n\t\t\t\t<\/div>\n\t\t\t\t\t<\/div>\n\t\t<\/div>\n\t\t\t\t<div class=\"elementor-column elementor-col-50 elementor-inner-column elementor-element elementor-element-1bd94ba\" data-id=\"1bd94ba\" data-element_type=\"column\" data-e-type=\"column\">\n\t\t\t<div class=\"elementor-widget-wrap elementor-element-populated\">\n\t\t\t\t\t\t<div class=\"elementor-element elementor-element-28e0ecb elementor-widget elementor-widget-image\" data-id=\"28e0ecb\" data-element_type=\"widget\" data-e-type=\"widget\" data-widget_type=\"image.default\">\n\t\t\t\t<div class=\"elementor-widget-container\">\n\t\t\t\t\t\t\t\t\t\t\t\t\t\t\t<img fetchpriority=\"high\" decoding=\"async\" width=\"1024\" height=\"1024\" src=\"https:\/\/gatien-wierez.com\/wp-content\/uploads\/2020\/09\/Gatien-2019-1-1024x1024.jpg\" class=\"attachment-large size-large wp-image-76\" alt=\"Gatien 2019\" srcset=\"https:\/\/gatien-wierez.com\/wp-content\/uploads\/2020\/09\/Gatien-2019-1-1024x1024.jpg 1024w, https:\/\/gatien-wierez.com\/wp-content\/uploads\/2020\/09\/Gatien-2019-1-300x300.jpg 300w, https:\/\/gatien-wierez.com\/wp-content\/uploads\/2020\/09\/Gatien-2019-1-150x150.jpg 150w, https:\/\/gatien-wierez.com\/wp-content\/uploads\/2020\/09\/Gatien-2019-1-768x768.jpg 768w, https:\/\/gatien-wierez.com\/wp-content\/uploads\/2020\/09\/Gatien-2019-1-1536x1536.jpg 1536w, https:\/\/gatien-wierez.com\/wp-content\/uploads\/2020\/09\/Gatien-2019-1-2048x2048.jpg 2048w\" sizes=\"(max-width: 1024px) 100vw, 1024px\" \/>\t\t\t\t\t\t\t\t\t\t\t\t\t\t\t<\/div>\n\t\t\t\t<\/div>\n\t\t\t\t\t<\/div>\n\t\t<\/div>\n\t\t\t\t\t<\/div>\n\t\t<\/section>\n\t\t\t\t\t<\/div>\n\t\t<\/div>\n\t\t\t\t\t<\/div>\n\t\t<\/section>\n\t\t\t\t<\/div>\n\t\t","protected":false},"excerpt":{"rendered":"<p>Parcours d&rsquo;historien Th\u00e8mes de recherche : Histoire \u00e9conomique &#8211; commerce du luxe &#8211; arts d\u00e9coratifs &#8211; culture mat\u00e9rielle &#8211; soci\u00e9t\u00e9 de cour \u2013 noblesse &#8211; c\u00e9r\u00e9monial &#8211; m\u00e9tiers et artisanat &#8211; institutions &#8211; vie quotidienne &#8211; XVIIIe XIXe si\u00e8cles. Les recherches de Gatien WIEREZ concernent l\u2019histoire de la diffusion des arts d\u00e9coratifs, particuli\u00e8rement le mobilier&#8230;<\/p>\n","protected":false},"author":1,"featured_media":0,"parent":0,"menu_order":0,"comment_status":"closed","ping_status":"closed","template":"","meta":{"_kadence_starter_templates_imported_post":false,"_kad_post_transparent":"","_kad_post_title":"hide","_kad_post_layout":"fullwidth","_kad_post_sidebar_id":"","_kad_post_content_style":"unboxed","_kad_post_vertical_padding":"hide","_kad_post_feature":"hide","_kad_post_feature_position":"","_kad_post_header":false,"_kad_post_footer":false,"_kad_post_classname":"","slim_seo":{"title":"Historien - Gatien WIEREZ","description":"Parcours d'historien Th\u00e8mes de recherche : Histoire \u00e9conomique - commerce du luxe - arts d\u00e9coratifs - culture mat\u00e9rielle - soci\u00e9t\u00e9 de cour \u2013 noblesse - c\u00e9r\u00e9moni"},"footnotes":""},"class_list":["post-88","page","type-page","status-publish","hentry"],"_links":{"self":[{"href":"https:\/\/gatien-wierez.com\/index.php\/wp-json\/wp\/v2\/pages\/88","targetHints":{"allow":["GET"]}}],"collection":[{"href":"https:\/\/gatien-wierez.com\/index.php\/wp-json\/wp\/v2\/pages"}],"about":[{"href":"https:\/\/gatien-wierez.com\/index.php\/wp-json\/wp\/v2\/types\/page"}],"author":[{"embeddable":true,"href":"https:\/\/gatien-wierez.com\/index.php\/wp-json\/wp\/v2\/users\/1"}],"replies":[{"embeddable":true,"href":"https:\/\/gatien-wierez.com\/index.php\/wp-json\/wp\/v2\/comments?post=88"}],"version-history":[{"count":9,"href":"https:\/\/gatien-wierez.com\/index.php\/wp-json\/wp\/v2\/pages\/88\/revisions"}],"predecessor-version":[{"id":1284,"href":"https:\/\/gatien-wierez.com\/index.php\/wp-json\/wp\/v2\/pages\/88\/revisions\/1284"}],"wp:attachment":[{"href":"https:\/\/gatien-wierez.com\/index.php\/wp-json\/wp\/v2\/media?parent=88"}],"curies":[{"name":"wp","href":"https:\/\/api.w.org\/{rel}","templated":true}]}}

<div data-elementor-type="wp-page" data-elementor-id="88" class="elementor elementor-88">
						<section class="elementor-section elementor-top-section elementor-element elementor-element-1b70d06 elementor-section-boxed elementor-section-height-default elementor-section-height-default" data-id="1b70d06" data-element_type="section" data-e-type="section">
						<div class="elementor-container elementor-column-gap-default">
					<div class="elementor-column elementor-col-100 elementor-top-column elementor-element elementor-element-a6d392c" data-id="a6d392c" data-element_type="column" data-e-type="column">
			<div class="elementor-widget-wrap elementor-element-populated">
						<div class="elementor-element elementor-element-b636bfd elementor-widget elementor-widget-text-editor" data-id="b636bfd" data-element_type="widget" data-e-type="widget" data-widget_type="text-editor.default">
				<div class="elementor-widget-container">
									<h1>Parcours d&rsquo;historien</h1>								</div>
				</div>
				<section class="elementor-section elementor-inner-section elementor-element elementor-element-204ad6b elementor-section-boxed elementor-section-height-default elementor-section-height-default" data-id="204ad6b" data-element_type="section" data-e-type="section">
						<div class="elementor-container elementor-column-gap-default">
					<div class="elementor-column elementor-col-50 elementor-inner-column elementor-element elementor-element-d9783b0" data-id="d9783b0" data-element_type="column" data-e-type="column">
			<div class="elementor-widget-wrap elementor-element-populated">
						<div class="elementor-element elementor-element-0ac11cd elementor-widget elementor-widget-text-editor" data-id="0ac11cd" data-element_type="widget" data-e-type="widget" data-widget_type="text-editor.default">
				<div class="elementor-widget-container">
									<p>Thèmes de recherche : Histoire économique &#8211; commerce du luxe &#8211; arts décoratifs &#8211; culture matérielle &#8211; société de cour – noblesse &#8211; cérémonial &#8211; métiers et artisanat &#8211; institutions &#8211; vie quotidienne &#8211; XVIIIe XIXe siècles.</p>
<p>Les recherches de Gatien WIEREZ concernent l’histoire de la diffusion des arts décoratifs, particulièrement le mobilier et l&rsquo;histoire économique du Garde-Meuble, mais aussi son fonctionnement. Les champs d’études s’étendent également à la société de cour et à la noblesse dans ses pratiques quotidiennes que ce soit pour la culture matérielle ou l’économie.</p>
<h2>Titres universitaires</h2>
<p>[2011-2014]&nbsp;&nbsp;&nbsp;&nbsp;&nbsp;&nbsp;&nbsp; Licence Histoire-Patrimoine (Université d’Artois)</p>
<p>[2014-2015]&nbsp;&nbsp;&nbsp;&nbsp;&nbsp;&nbsp;&nbsp; Master I Histoire et sociétés (Université d’Artois). Sujet de recherche : La citadelle d’Arras au XVIIIe siècle. Direction : Youri Carbonnier.</p>
<p>[2015-2016]&nbsp;&nbsp;&nbsp;&nbsp;&nbsp;&nbsp;&nbsp; Master II Histoire et civilisations (Université d’Artois). Sujet de recherche : Les marchands-tapissiers dans la seconde moitié du XVIIIe siècle. Direction : Charles Giry-Deloison.</p>
<h2>Séminaires et colloques</h2>
<p><em>L’étude d’une institution au service de la cour : le Garde-Meuble sous l’administration de Thierry de Ville-d’Avray</em>, Journées d’étude du programme de recherche sur les garde-meubles en Europe, Turin (Italie), 30 juin 2017.</p>
<p><em>Parler et écrire au XVIIIe siècle</em>, séminaire de formation, Centre des Monuments nationaux, 12 novembre 2018.</p>
<p><em>L’étude du Garde-Meuble de la Couronne : sources et méthodologie de la recherche, fonctions de l’institution, vie au quotidien</em>, Séminaire du professeur Éric MENSION-RIGAU, Université Paris IV, 22 novembre 2018.</p>
<p><em>Gérer le personnel du Garde-Meuble de la Couronne à la fin du règne de Louis XVI</em>, Colloque international, Les garde-meubles en Europe, Paris, 18 octobre 2019</p>
<p><i>Le marchand-tapissier dans le nord de la France au XVIII e siècle : le commerce des étoffes comme indicateur de la tendance d’une industrie</i>, 60e Congrès de la Fédération des Sociétés savantes du Nord de la France, Roubaix, 20 octobre 2019</p>
<p><em>La collection d’armes du Garde-Meuble de la Couronne&nbsp;: des curiosités aux XVII<sup>e</sup> et XVIII<sup>e</sup> siècles</em>, Journée d’étude, Les armes dans les cabinets de curiosités, Poitiers, 11 mars 2020</p>
<h2>Travaux scientifiques</h2>
<p>[2016-2022] Doctorat en histoire moderne (Université d’Artois). <em>Consommation, production et logistique du mobilier de cour : le Garde-Meuble à la fin du règne de Louis XVI</em>. Codirection : Agnès Walch (Université d’Artois) et Stéphane Castelluccio (Centre André Chastel)</p>
<p>Participation depuis 2016 au programme de recherche « Les Garde-Meubles en Europe ». Ce programme de recherche a été initié pour écrire l’histoire du Garde-Meuble en Europe. Il a pour but de mieux connaître une institution (quand elle existe et/ou a existé dans les cours européennes) et une pratique des arts décoratifs au service des lieux de pouvoir.</p>
<p>&nbsp;[2017] <em>L’Hôtel du Garde-Meuble de la Couronne : Un panorama de l’excellence de l’art de vivre, de la sociabilité et du goût français dans la seconde moitié du XVIIIe siècle</em>, Centre des Monuments nationaux, juillet 2017.</p>								</div>
				</div>
					</div>
		</div>
				<div class="elementor-column elementor-col-50 elementor-inner-column elementor-element elementor-element-1bd94ba" data-id="1bd94ba" data-element_type="column" data-e-type="column">
			<div class="elementor-widget-wrap elementor-element-populated">
						<div class="elementor-element elementor-element-28e0ecb elementor-widget elementor-widget-image" data-id="28e0ecb" data-element_type="widget" data-e-type="widget" data-widget_type="image.default">
				<div class="elementor-widget-container">
															<img fetchpriority="high" decoding="async" width="1024" height="1024" src="https://gatien-wierez.com/wp-content/uploads/2020/09/Gatien-2019-1-1024x1024.jpg" class="attachment-large size-large wp-image-76" alt="Gatien 2019" srcset="https://gatien-wierez.com/wp-content/uploads/2020/09/Gatien-2019-1-1024x1024.jpg 1024w, https://gatien-wierez.com/wp-content/uploads/2020/09/Gatien-2019-1-300x300.jpg 300w, https://gatien-wierez.com/wp-content/uploads/2020/09/Gatien-2019-1-150x150.jpg 150w, https://gatien-wierez.com/wp-content/uploads/2020/09/Gatien-2019-1-768x768.jpg 768w, https://gatien-wierez.com/wp-content/uploads/2020/09/Gatien-2019-1-1536x1536.jpg 1536w, https://gatien-wierez.com/wp-content/uploads/2020/09/Gatien-2019-1-2048x2048.jpg 2048w" sizes="(max-width: 1024px) 100vw, 1024px" />															</div>
				</div>
					</div>
		</div>
					</div>
		</section>
					</div>
		</div>
					</div>
		</section>
				</div>

<p>Parcours d&rsquo;historien Thèmes de recherche : Histoire économique &#8211; commerce du luxe &#8211; arts décoratifs &#8211; culture matérielle &#8211; société de cour – noblesse &#8211; cérémonial &#8211; métiers et artisanat &#8211; institutions &#8211; vie quotidienne &#8211; XVIIIe XIXe siècles. Les recherches de Gatien WIEREZ concernent l’histoire de la diffusion des arts décoratifs, particulièrement le mobilier&#8230;</p>

Parcours d'historien Thèmes de recherche : Histoire économique - commerce du luxe - arts décoratifs - culture matérielle - société de cour – noblesse - cérémoni
