{"id":63,"date":"2020-09-28T16:19:08","date_gmt":"2020-09-28T14:19:08","guid":{"rendered":"https:\/\/gatien-wierez.com\/?page_id=63"},"modified":"2024-02-04T10:48:34","modified_gmt":"2024-02-04T09:48:34","slug":"exposition","status":"publish","type":"page","link":"https:\/\/gatien-wierez.com\/index.php\/exposition\/","title":{"rendered":"Expositions"},"content":{"rendered":"\t\t<div data-elementor-type=\"wp-page\" data-elementor-id=\"63\" class=\"elementor elementor-63\">\n\t\t\t\t\t\t<section class=\"elementor-section elementor-top-section elementor-element elementor-element-e836e5a elementor-section-boxed elementor-section-height-default elementor-section-height-default\" data-id=\"e836e5a\" data-element_type=\"section\" data-e-type=\"section\">\n\t\t\t\t\t\t<div class=\"elementor-container elementor-column-gap-default\">\n\t\t\t\t\t<div class=\"elementor-column elementor-col-100 elementor-top-column elementor-element elementor-element-c6ec70c\" data-id=\"c6ec70c\" data-element_type=\"column\" data-e-type=\"column\">\n\t\t\t<div class=\"elementor-widget-wrap elementor-element-populated\">\n\t\t\t\t\t\t<div class=\"elementor-element elementor-element-8618115 elementor-widget elementor-widget-text-editor\" data-id=\"8618115\" data-element_type=\"widget\" data-e-type=\"widget\" data-widget_type=\"text-editor.default\">\n\t\t\t\t<div class=\"elementor-widget-container\">\n\t\t\t\t\t\t\t\t\t<p>Exposition<\/p>\t\t\t\t\t\t\t\t<\/div>\n\t\t\t\t<\/div>\n\t\t\t\t<div class=\"elementor-element elementor-element-530ef62 elementor-widget elementor-widget-text-editor\" data-id=\"530ef62\" data-element_type=\"widget\" data-e-type=\"widget\" data-widget_type=\"text-editor.default\">\n\t\t\t\t<div class=\"elementor-widget-container\">\n\t\t\t\t\t\t\t\t\t<p>Uniformes et repr\u00e9sentations militaires du Premier Empire<\/p>\t\t\t\t\t\t\t\t<\/div>\n\t\t\t\t<\/div>\n\t\t\t\t<div class=\"elementor-element elementor-element-ff561e4 elementor-widget elementor-widget-text-editor\" data-id=\"ff561e4\" data-element_type=\"widget\" data-e-type=\"widget\" data-widget_type=\"text-editor.default\">\n\t\t\t\t<div class=\"elementor-widget-container\">\n\t\t\t\t\t\t\t\t\t<p>Cette exposition fut essentiellement ax\u00e9e sur l\u2019histoire militaire du Premier Empire (1804-1815) de Napol\u00e9on 1er. Tous les secrets de la vie quotidienne des soldats de la Grande Arm\u00e9e furent donn\u00e9s au fil de cette exposition r\u00e9unissant pas moins de dix grands panneaux explicatifs ainsi que des objets de collection tels que des uniformes et \u00e9tendards d\u2019\u00e9poque, soldats de plomb ou encore des dioramas reconstituant des sc\u00e8nes de bataille. Peu d\u2019Arrageois le savent, mais leur ville est fi\u00e8rement repr\u00e9sent\u00e9e sur l\u2019un des monuments des plus connus au monde. En effet, les noms SCHRAMM et GIRARD, g\u00e9n\u00e9raux d\u2019Empire originaires d\u2019Arras sont inscrits sur l\u2019Arc de Triomphe ! Leurs principaux faits d\u2019armes seront relat\u00e9s tout comme ceux d\u2019autres hauts grad\u00e9s originaires de la r\u00e9gion Hauts-de-France.<\/p><p>Presse: <a href=\"https:\/\/www.lavoixdunord.fr\/370209\/article\/2018-05-03\/les-soldats-arrageois-du-premier-empire-l-honneur-la-citadelle\">Voix du Nord<\/a><\/p>\t\t\t\t\t\t\t\t<\/div>\n\t\t\t\t<\/div>\n\t\t\t\t<div class=\"elementor-element elementor-element-b135d77 elementor-widget elementor-widget-image-gallery\" data-id=\"b135d77\" data-element_type=\"widget\" data-e-type=\"widget\" data-widget_type=\"image-gallery.default\">\n\t\t\t\t<div class=\"elementor-widget-container\">\n\t\t\t\t\t\t\t<div class=\"elementor-image-gallery\">\n\t\t\t<div id='gallery-1' class='gallery galleryid-63 gallery-columns-4 gallery-size-medium_large'><figure class='gallery-item'>\n\t\t\t<div class='gallery-icon portrait'>\n\t\t\t\t<a data-elementor-open-lightbox=\"yes\" data-elementor-lightbox-slideshow=\"b135d77\" data-e-action-hash=\"#elementor-action%3Aaction%3Dlightbox%26settings%3DeyJpZCI6NDAsInVybCI6Imh0dHBzOlwvXC9nYXRpZW4td2llcmV6LmNvbVwvd3AtY29udGVudFwvdXBsb2Fkc1wvMjAyMFwvMDdcL05hcG9sXHUwMGU5b25fMDYtbWFpLTIwMThfMjAuanBnIiwic2xpZGVzaG93IjoiYjEzNWQ3NyJ9\" href='https:\/\/gatien-wierez.com\/wp-content\/uploads\/2020\/07\/Napol\u00e9on_06-mai-2018_20.jpg'><img fetchpriority=\"high\" decoding=\"async\" width=\"263\" height=\"350\" src=\"https:\/\/gatien-wierez.com\/wp-content\/uploads\/2020\/07\/Napol\u00e9on_06-mai-2018_20.jpg\" class=\"attachment-medium_large size-medium_large\" alt=\"Napol\u00e9on 06 mai 2018\" srcset=\"https:\/\/gatien-wierez.com\/wp-content\/uploads\/2020\/07\/Napol\u00e9on_06-mai-2018_20.jpg 263w, https:\/\/gatien-wierez.com\/wp-content\/uploads\/2020\/07\/Napol\u00e9on_06-mai-2018_20-225x300.jpg 225w\" sizes=\"(max-width: 263px) 100vw, 263px\" \/><\/a>\n\t\t\t<\/div><\/figure><figure class='gallery-item'>\n\t\t\t<div class='gallery-icon portrait'>\n\t\t\t\t<a data-elementor-open-lightbox=\"yes\" data-elementor-lightbox-slideshow=\"b135d77\" data-e-action-hash=\"#elementor-action%3Aaction%3Dlightbox%26settings%3DeyJpZCI6MzksInVybCI6Imh0dHBzOlwvXC9nYXRpZW4td2llcmV6LmNvbVwvd3AtY29udGVudFwvdXBsb2Fkc1wvMjAyMFwvMDdcL05hcG9sXHUwMGU5b25fMDYtbWFpLTIwMThfMTkuanBnIiwic2xpZGVzaG93IjoiYjEzNWQ3NyJ9\" href='https:\/\/gatien-wierez.com\/wp-content\/uploads\/2020\/07\/Napol\u00e9on_06-mai-2018_19.jpg'><img decoding=\"async\" width=\"263\" height=\"350\" src=\"https:\/\/gatien-wierez.com\/wp-content\/uploads\/2020\/07\/Napol\u00e9on_06-mai-2018_19.jpg\" class=\"attachment-medium_large size-medium_large\" alt=\"Napol\u00e9on 06 mai 2018\" srcset=\"https:\/\/gatien-wierez.com\/wp-content\/uploads\/2020\/07\/Napol\u00e9on_06-mai-2018_19.jpg 263w, https:\/\/gatien-wierez.com\/wp-content\/uploads\/2020\/07\/Napol\u00e9on_06-mai-2018_19-225x300.jpg 225w\" sizes=\"(max-width: 263px) 100vw, 263px\" \/><\/a>\n\t\t\t<\/div><\/figure>\n\t\t<\/div>\n\t\t<\/div>\n\t\t\t\t\t\t<\/div>\n\t\t\t\t<\/div>\n\t\t\t\t<div class=\"elementor-element elementor-element-be57487 elementor-widget elementor-widget-text-editor\" data-id=\"be57487\" data-element_type=\"widget\" data-e-type=\"widget\" data-widget_type=\"text-editor.default\">\n\t\t\t\t<div class=\"elementor-widget-container\">\n\t\t\t\t\t\t\t\t\t<h2>Militaires d&rsquo;Ancien R\u00e9gime : ils arrivent \u00e0 la Citadelle<\/h2>\t\t\t\t\t\t\t\t<\/div>\n\t\t\t\t<\/div>\n\t\t\t\t<div class=\"elementor-element elementor-element-e065990 elementor-widget elementor-widget-text-editor\" data-id=\"e065990\" data-element_type=\"widget\" data-e-type=\"widget\" data-widget_type=\"text-editor.default\">\n\t\t\t\t<div class=\"elementor-widget-container\">\n\t\t\t\t\t\t\t\t\t<p>\u00c0 travers diff\u00e9rents panneaux, les visiteurs se sont plong\u00e9s dans l\u2019atmosph\u00e8re de la vie militaire d\u2019Ancien R\u00e9gime. Ponctu\u00e9s d\u2019exemples locaux, ceux des soldats de la citadelle d\u2019Arras, le recrutement, le contr\u00f4le des troupes, le logement, les uniformes, les diff\u00e9rents corps d\u2019arm\u00e9e, mais aussi l\u2019armement ont \u00e9t\u00e9 expliqu\u00e9s de mani\u00e8re synth\u00e9tique, mais surtout accessible \u00e0 un large public.<\/p>\t\t\t\t\t\t\t\t<\/div>\n\t\t\t\t<\/div>\n\t\t\t\t<div class=\"elementor-element elementor-element-305b7d2 elementor-widget elementor-widget-image-gallery\" data-id=\"305b7d2\" data-element_type=\"widget\" data-e-type=\"widget\" data-widget_type=\"image-gallery.default\">\n\t\t\t\t<div class=\"elementor-widget-container\">\n\t\t\t\t\t\t\t<div class=\"elementor-image-gallery\">\n\t\t\t<div id='gallery-2' class='gallery galleryid-63 gallery-columns-4 gallery-size-medium_large'><figure class='gallery-item'>\n\t\t\t<div class='gallery-icon landscape'>\n\t\t\t\t<a data-elementor-open-lightbox=\"yes\" data-elementor-lightbox-slideshow=\"305b7d2\" data-e-action-hash=\"#elementor-action%3Aaction%3Dlightbox%26settings%3DeyJpZCI6NDcsInVybCI6Imh0dHBzOlwvXC9nYXRpZW4td2llcmV6LmNvbVwvd3AtY29udGVudFwvdXBsb2Fkc1wvMjAyMFwvMDdcL0V4cG8tU29sZGF0cy1BbmNpZW4tUlx1MDBlOWdpbWUtMS5qcGciLCJzbGlkZXNob3ciOiIzMDViN2QyIn0%3D\" href='https:\/\/gatien-wierez.com\/wp-content\/uploads\/2020\/07\/Expo-Soldats-Ancien-R\u00e9gime-1.jpg'><img decoding=\"async\" width=\"350\" height=\"263\" src=\"https:\/\/gatien-wierez.com\/wp-content\/uploads\/2020\/07\/Expo-Soldats-Ancien-R\u00e9gime-1.jpg\" class=\"attachment-medium_large size-medium_large\" alt=\"Expo Soldats Ancien R\u00e9gime\" srcset=\"https:\/\/gatien-wierez.com\/wp-content\/uploads\/2020\/07\/Expo-Soldats-Ancien-R\u00e9gime-1.jpg 350w, https:\/\/gatien-wierez.com\/wp-content\/uploads\/2020\/07\/Expo-Soldats-Ancien-R\u00e9gime-1-300x225.jpg 300w\" sizes=\"(max-width: 350px) 100vw, 350px\" \/><\/a>\n\t\t\t<\/div><\/figure><figure class='gallery-item'>\n\t\t\t<div class='gallery-icon landscape'>\n\t\t\t\t<a data-elementor-open-lightbox=\"yes\" data-elementor-lightbox-slideshow=\"305b7d2\" data-e-action-hash=\"#elementor-action%3Aaction%3Dlightbox%26settings%3DeyJpZCI6NDgsInVybCI6Imh0dHBzOlwvXC9nYXRpZW4td2llcmV6LmNvbVwvd3AtY29udGVudFwvdXBsb2Fkc1wvMjAyMFwvMDdcL0V4cG8tU29sZGF0cy1BbmNpZW4tUlx1MDBlOWdpbWUtMi5qcGciLCJzbGlkZXNob3ciOiIzMDViN2QyIn0%3D\" href='https:\/\/gatien-wierez.com\/wp-content\/uploads\/2020\/07\/Expo-Soldats-Ancien-R\u00e9gime-2.jpg'><img loading=\"lazy\" decoding=\"async\" width=\"350\" height=\"226\" src=\"https:\/\/gatien-wierez.com\/wp-content\/uploads\/2020\/07\/Expo-Soldats-Ancien-R\u00e9gime-2.jpg\" class=\"attachment-medium_large size-medium_large\" alt=\"Expo Soldats Ancien R\u00e9gime\" srcset=\"https:\/\/gatien-wierez.com\/wp-content\/uploads\/2020\/07\/Expo-Soldats-Ancien-R\u00e9gime-2.jpg 350w, https:\/\/gatien-wierez.com\/wp-content\/uploads\/2020\/07\/Expo-Soldats-Ancien-R\u00e9gime-2-300x194.jpg 300w\" sizes=\"(max-width: 350px) 100vw, 350px\" \/><\/a>\n\t\t\t<\/div><\/figure><figure class='gallery-item'>\n\t\t\t<div class='gallery-icon portrait'>\n\t\t\t\t<a data-elementor-open-lightbox=\"yes\" data-elementor-lightbox-slideshow=\"305b7d2\" data-e-action-hash=\"#elementor-action%3Aaction%3Dlightbox%26settings%3DeyJpZCI6NDIsInVybCI6Imh0dHBzOlwvXC9nYXRpZW4td2llcmV6LmNvbVwvd3AtY29udGVudFwvdXBsb2Fkc1wvMjAyMFwvMDdcL0FmZmljaGUtU29sZGF0LUFuY2llbi1SXHUwMGU5Z2ltZS5qcGciLCJzbGlkZXNob3ciOiIzMDViN2QyIn0%3D\" href='https:\/\/gatien-wierez.com\/wp-content\/uploads\/2020\/07\/Affiche-Soldat-Ancien-R\u00e9gime.jpg'><img loading=\"lazy\" decoding=\"async\" width=\"263\" height=\"350\" src=\"https:\/\/gatien-wierez.com\/wp-content\/uploads\/2020\/07\/Affiche-Soldat-Ancien-R\u00e9gime.jpg\" class=\"attachment-medium_large size-medium_large\" alt=\"Affiche Soldat Ancien R\u00e9gime\" srcset=\"https:\/\/gatien-wierez.com\/wp-content\/uploads\/2020\/07\/Affiche-Soldat-Ancien-R\u00e9gime.jpg 263w, https:\/\/gatien-wierez.com\/wp-content\/uploads\/2020\/07\/Affiche-Soldat-Ancien-R\u00e9gime-225x300.jpg 225w\" sizes=\"(max-width: 263px) 100vw, 263px\" \/><\/a>\n\t\t\t<\/div><\/figure><figure class='gallery-item'>\n\t\t\t<div class='gallery-icon portrait'>\n\t\t\t\t<a data-elementor-open-lightbox=\"yes\" data-elementor-lightbox-slideshow=\"305b7d2\" data-e-action-hash=\"#elementor-action%3Aaction%3Dlightbox%26settings%3DeyJpZCI6NDEsInVybCI6Imh0dHBzOlwvXC9nYXRpZW4td2llcmV6LmNvbVwvd3AtY29udGVudFwvdXBsb2Fkc1wvMjAyMFwvMDdcL0ZseWVyLmpwZyIsInNsaWRlc2hvdyI6IjMwNWI3ZDIifQ%3D%3D\" href='https:\/\/gatien-wierez.com\/wp-content\/uploads\/2020\/07\/Flyer.jpg'><img loading=\"lazy\" decoding=\"async\" width=\"233\" height=\"350\" src=\"https:\/\/gatien-wierez.com\/wp-content\/uploads\/2020\/07\/Flyer.jpg\" class=\"attachment-medium_large size-medium_large\" alt=\"Flyer\" srcset=\"https:\/\/gatien-wierez.com\/wp-content\/uploads\/2020\/07\/Flyer.jpg 233w, https:\/\/gatien-wierez.com\/wp-content\/uploads\/2020\/07\/Flyer-200x300.jpg 200w\" sizes=\"(max-width: 233px) 100vw, 233px\" \/><\/a>\n\t\t\t<\/div><\/figure>\n\t\t<\/div>\n\t\t<\/div>\n\t\t\t\t\t\t<\/div>\n\t\t\t\t<\/div>\n\t\t\t\t<div class=\"elementor-element elementor-element-76ff8a4 elementor-widget elementor-widget-text-editor\" data-id=\"76ff8a4\" data-element_type=\"widget\" data-e-type=\"widget\" data-widget_type=\"text-editor.default\">\n\t\t\t\t<div class=\"elementor-widget-container\">\n\t\t\t\t\t\t\t\t\t<h2>La Citadelle d\u2019Arras et la Grande Guerre<\/h2>\t\t\t\t\t\t\t\t<\/div>\n\t\t\t\t<\/div>\n\t\t\t\t<div class=\"elementor-element elementor-element-ef5a6d0 elementor-widget elementor-widget-text-editor\" data-id=\"ef5a6d0\" data-element_type=\"widget\" data-e-type=\"widget\" data-widget_type=\"text-editor.default\">\n\t\t\t\t<div class=\"elementor-widget-container\">\n\t\t\t\t\t\t\t\t\t<p>Pour la comm\u00e9moration du centenaire la Premi\u00e8re Guerre mondiale, une exposition est venue rappeler les \u00e9v\u00e9nements qui se sont d\u00e9roul\u00e9s \u00e0 la Citadelle d\u2019Arras durant cette p\u00e9riode sombre et douloureuse au c\u0153ur de l\u2019Artois. Si l\u2019exposition a d\u00e9but\u00e9 le 16 mai 2015, ce n\u2019est pas par hasard. En effet, cent ans auparavant, la citadelle croulait sous l\u2019explosion d\u2019un obus allemand de 320 mm. La mobilisation, l\u2019occupation allemande, les bombardements causant des destructions importantes, mais aussi la reconstruction des \u00e9difices de la citadelle ont constitu\u00e9 les grands axes de cette exposition ouverte gratuitement \u00e0 tout visiteur. Elle s\u2019est tenue du 16 mai au 20 septembre 2016, dans la Salle des Familles de la Porte royale.<\/p>\t\t\t\t\t\t\t\t<\/div>\n\t\t\t\t<\/div>\n\t\t\t\t<div class=\"elementor-element elementor-element-546d0ba elementor-widget elementor-widget-image-gallery\" data-id=\"546d0ba\" data-element_type=\"widget\" data-e-type=\"widget\" data-widget_type=\"image-gallery.default\">\n\t\t\t\t<div class=\"elementor-widget-container\">\n\t\t\t\t\t\t\t<div class=\"elementor-image-gallery\">\n\t\t\t<div id='gallery-3' class='gallery galleryid-63 gallery-columns-4 gallery-size-medium_large'><figure class='gallery-item'>\n\t\t\t<div class='gallery-icon landscape'>\n\t\t\t\t<a data-elementor-open-lightbox=\"yes\" data-elementor-lightbox-slideshow=\"546d0ba\" data-e-action-hash=\"#elementor-action%3Aaction%3Dlightbox%26settings%3DeyJpZCI6NDYsInVybCI6Imh0dHBzOlwvXC9nYXRpZW4td2llcmV6LmNvbVwvd3AtY29udGVudFwvdXBsb2Fkc1wvMjAyMFwvMDdcL0V4cG9zaXRpb242LmpwZyIsInNsaWRlc2hvdyI6IjU0NmQwYmEifQ%3D%3D\" href='https:\/\/gatien-wierez.com\/wp-content\/uploads\/2020\/07\/Exposition6.jpg'><img loading=\"lazy\" decoding=\"async\" width=\"500\" height=\"281\" src=\"https:\/\/gatien-wierez.com\/wp-content\/uploads\/2020\/07\/Exposition6.jpg\" class=\"attachment-medium_large size-medium_large\" alt=\"Exposition6\" srcset=\"https:\/\/gatien-wierez.com\/wp-content\/uploads\/2020\/07\/Exposition6.jpg 500w, https:\/\/gatien-wierez.com\/wp-content\/uploads\/2020\/07\/Exposition6-300x169.jpg 300w, https:\/\/gatien-wierez.com\/wp-content\/uploads\/2020\/07\/Exposition6-480x270.jpg 480w\" sizes=\"(max-width: 500px) 100vw, 500px\" \/><\/a>\n\t\t\t<\/div><\/figure><figure class='gallery-item'>\n\t\t\t<div class='gallery-icon portrait'>\n\t\t\t\t<a data-elementor-open-lightbox=\"yes\" data-elementor-lightbox-slideshow=\"546d0ba\" data-e-action-hash=\"#elementor-action%3Aaction%3Dlightbox%26settings%3DeyJpZCI6NDUsInVybCI6Imh0dHBzOlwvXC9nYXRpZW4td2llcmV6LmNvbVwvd3AtY29udGVudFwvdXBsb2Fkc1wvMjAyMFwvMDdcL0V4cG9zaXRpb241LmpwZyIsInNsaWRlc2hvdyI6IjU0NmQwYmEifQ%3D%3D\" href='https:\/\/gatien-wierez.com\/wp-content\/uploads\/2020\/07\/Exposition5.jpg'><img loading=\"lazy\" decoding=\"async\" width=\"292\" height=\"750\" src=\"https:\/\/gatien-wierez.com\/wp-content\/uploads\/2020\/07\/Exposition5.jpg\" class=\"attachment-medium_large size-medium_large\" alt=\"Exposition5\" srcset=\"https:\/\/gatien-wierez.com\/wp-content\/uploads\/2020\/07\/Exposition5.jpg 292w, https:\/\/gatien-wierez.com\/wp-content\/uploads\/2020\/07\/Exposition5-117x300.jpg 117w\" sizes=\"(max-width: 292px) 100vw, 292px\" \/><\/a>\n\t\t\t<\/div><\/figure><figure class='gallery-item'>\n\t\t\t<div class='gallery-icon portrait'>\n\t\t\t\t<a data-elementor-open-lightbox=\"yes\" data-elementor-lightbox-slideshow=\"546d0ba\" data-e-action-hash=\"#elementor-action%3Aaction%3Dlightbox%26settings%3DeyJpZCI6NDQsInVybCI6Imh0dHBzOlwvXC9nYXRpZW4td2llcmV6LmNvbVwvd3AtY29udGVudFwvdXBsb2Fkc1wvMjAyMFwvMDdcL0V4cG9zaXRpb240LmpwZyIsInNsaWRlc2hvdyI6IjU0NmQwYmEifQ%3D%3D\" href='https:\/\/gatien-wierez.com\/wp-content\/uploads\/2020\/07\/Exposition4.jpg'><img loading=\"lazy\" decoding=\"async\" width=\"292\" height=\"750\" src=\"https:\/\/gatien-wierez.com\/wp-content\/uploads\/2020\/07\/Exposition4.jpg\" class=\"attachment-medium_large size-medium_large\" alt=\"Exposition4\" srcset=\"https:\/\/gatien-wierez.com\/wp-content\/uploads\/2020\/07\/Exposition4.jpg 292w, https:\/\/gatien-wierez.com\/wp-content\/uploads\/2020\/07\/Exposition4-117x300.jpg 117w\" sizes=\"(max-width: 292px) 100vw, 292px\" \/><\/a>\n\t\t\t<\/div><\/figure><figure class='gallery-item'>\n\t\t\t<div class='gallery-icon portrait'>\n\t\t\t\t<a data-elementor-open-lightbox=\"yes\" data-elementor-lightbox-slideshow=\"546d0ba\" data-e-action-hash=\"#elementor-action%3Aaction%3Dlightbox%26settings%3DeyJpZCI6NDMsInVybCI6Imh0dHBzOlwvXC9nYXRpZW4td2llcmV6LmNvbVwvd3AtY29udGVudFwvdXBsb2Fkc1wvMjAyMFwvMDdcL0V4cG9zaXRpb24uanBnIiwic2xpZGVzaG93IjoiNTQ2ZDBiYSJ9\" href='https:\/\/gatien-wierez.com\/wp-content\/uploads\/2020\/07\/Exposition.jpg'><img loading=\"lazy\" decoding=\"async\" width=\"292\" height=\"750\" src=\"https:\/\/gatien-wierez.com\/wp-content\/uploads\/2020\/07\/Exposition.jpg\" class=\"attachment-medium_large size-medium_large\" alt=\"Exposition\" srcset=\"https:\/\/gatien-wierez.com\/wp-content\/uploads\/2020\/07\/Exposition.jpg 292w, https:\/\/gatien-wierez.com\/wp-content\/uploads\/2020\/07\/Exposition-117x300.jpg 117w\" sizes=\"(max-width: 292px) 100vw, 292px\" \/><\/a>\n\t\t\t<\/div><\/figure>\n\t\t<\/div>\n\t\t<\/div>\n\t\t\t\t\t\t<\/div>\n\t\t\t\t<\/div>\n\t\t\t\t\t<\/div>\n\t\t<\/div>\n\t\t\t\t\t<\/div>\n\t\t<\/section>\n\t\t\t\t<\/div>\n\t\t","protected":false},"excerpt":{"rendered":"<p>Exposition Uniformes et repr\u00e9sentations militaires du Premier Empire Cette exposition fut essentiellement ax\u00e9e sur l\u2019histoire militaire du Premier Empire (1804-1815) de Napol\u00e9on 1er. Tous les secrets de la vie quotidienne des soldats de la Grande Arm\u00e9e furent donn\u00e9s au fil de cette exposition r\u00e9unissant pas moins de dix grands panneaux explicatifs ainsi que des objets&#8230;<\/p>\n","protected":false},"author":1,"featured_media":0,"parent":0,"menu_order":0,"comment_status":"closed","ping_status":"closed","template":"","meta":{"_kadence_starter_templates_imported_post":false,"_kad_post_transparent":"default","_kad_post_title":"hide","_kad_post_layout":"fullwidth","_kad_post_sidebar_id":"","_kad_post_content_style":"unboxed","_kad_post_vertical_padding":"hide","_kad_post_feature":"hide","_kad_post_feature_position":"","_kad_post_header":false,"_kad_post_footer":false,"_kad_post_classname":"","slim_seo":{"title":"Expositions - Gatien WIEREZ","description":"Exposition Uniformes et repr\u00e9sentations militaires du Premier Empire Cette exposition fut essentiellement ax\u00e9e sur l\u2019histoire militaire du Premier Empire (1804-"},"footnotes":""},"class_list":["post-63","page","type-page","status-publish","hentry"],"_links":{"self":[{"href":"https:\/\/gatien-wierez.com\/index.php\/wp-json\/wp\/v2\/pages\/63","targetHints":{"allow":["GET"]}}],"collection":[{"href":"https:\/\/gatien-wierez.com\/index.php\/wp-json\/wp\/v2\/pages"}],"about":[{"href":"https:\/\/gatien-wierez.com\/index.php\/wp-json\/wp\/v2\/types\/page"}],"author":[{"embeddable":true,"href":"https:\/\/gatien-wierez.com\/index.php\/wp-json\/wp\/v2\/users\/1"}],"replies":[{"embeddable":true,"href":"https:\/\/gatien-wierez.com\/index.php\/wp-json\/wp\/v2\/comments?post=63"}],"version-history":[{"count":15,"href":"https:\/\/gatien-wierez.com\/index.php\/wp-json\/wp\/v2\/pages\/63\/revisions"}],"predecessor-version":[{"id":1134,"href":"https:\/\/gatien-wierez.com\/index.php\/wp-json\/wp\/v2\/pages\/63\/revisions\/1134"}],"wp:attachment":[{"href":"https:\/\/gatien-wierez.com\/index.php\/wp-json\/wp\/v2\/media?parent=63"}],"curies":[{"name":"wp","href":"https:\/\/api.w.org\/{rel}","templated":true}]}}